{"id":63555,"date":"2026-03-12T20:30:57","date_gmt":"2026-03-12T19:30:57","guid":{"rendered":"https:\/\/www.schiebener.net\/wordpress\/?post_type=tribe_events&#038;p=63555"},"modified":"2026-03-12T20:30:57","modified_gmt":"2026-03-12T19:30:57","slug":"mescheder-buendnis-fuer-demokratie-und-solidaritaet-extrem-jung-extrem-rechts","status":"publish","type":"tribe_events","link":"https:\/\/www.schiebener.net\/wordpress\/event\/mescheder-buendnis-fuer-demokratie-und-solidaritaet-extrem-jung-extrem-rechts\/","title":{"rendered":"Mescheder B\u00fcndnis f\u00fcr Demokratie und Solidarit\u00e4t: \u201eExtrem jung, extrem rechts\u201c"},"content":{"rendered":"<p>\u00d6ffentlicher Vortrag am 24. April 2026, 19.00 Uhr bis 21.00 Uhr im Gemeindehaus der evangelischen Kirche, Sch\u00fctzenstr.4, 59872 Meschede<\/p>\n<p><a href=\"https:\/\/www.schiebener.net\/wordpress\/mescheder-buendnis-fuer-demokratie-und-solidaritaet-extrem-jung-extrem-rechts\/\" target=\"_blank\">https:\/\/www.schiebener.net\/wordpress\/mescheder-buendnis-fuer-demokratie-und-solidaritaet-extrem-jung-extrem-rechts\/<\/a><\/p>\n","protected":false},"excerpt":{"rendered":"<p>\u00d6ffentlicher Vortrag am 24. April 2026, 19.00 Uhr bis 21.00 Uhr im Gemeindehaus der evangelischen Kirche, Sch\u00fctzenstr.4, 59872 Meschede https:\/\/www.schiebener.net\/wordpress\/mescheder-buendnis-fuer-demokratie-und-solidaritaet-extrem-jung-extrem-rechts\/<\/p>\n","protected":false},"author":66,"featured_media":0,"template":"","meta":{"_tribe_events_status":"","_tribe_events_status_reason":"","footnotes":""},"tags":[],"tribe_events_cat":[9150,9111],"class_list":["post-63555","tribe_events","type-tribe_events","status-publish","hentry","tribe_events_cat-diskussion","tribe_events_cat-vortrag","cat_diskussion","cat_vortrag"],"_links":{"self":[{"href":"https:\/\/www.schiebener.net\/wordpress\/wp-json\/wp\/v2\/tribe_events\/63555","targetHints":{"allow":["GET"]}}],"collection":[{"href":"https:\/\/www.schiebener.net\/wordpress\/wp-json\/wp\/v2\/tribe_events"}],"about":[{"href":"https:\/\/www.schiebener.net\/wordpress\/wp-json\/wp\/v2\/types\/tribe_events"}],"author":[{"embeddable":true,"href":"https:\/\/www.schiebener.net\/wordpress\/wp-json\/wp\/v2\/users\/66"}],"version-history":[{"count":0,"href":"https:\/\/www.schiebener.net\/wordpress\/wp-json\/wp\/v2\/tribe_events\/63555\/revisions"}],"wp:attachment":[{"href":"https:\/\/www.schiebener.net\/wordpress\/wp-json\/wp\/v2\/media?parent=63555"}],"wp:term":[{"taxonomy":"post_tag","embeddable":true,"href":"https:\/\/www.schiebener.net\/wordpress\/wp-json\/wp\/v2\/tags?post=63555"},{"taxonomy":"tribe_events_cat","embeddable":true,"href":"https:\/\/www.schiebener.net\/wordpress\/wp-json\/wp\/v2\/tribe_events_cat?post=63555"}],"curies":[{"name":"wp","href":"https:\/\/api.w.org\/{rel}","templated":true}]}}

Mescheder Bündnis für Demokratie und Solidarität: „Extrem jung, extrem rechts“

<p>Öffentlicher Vortrag am 24. April 2026, 19.00 Uhr bis 21.00 Uhr im Gemeindehaus der evangelischen Kirche, Schützenstr.4, 59872 Meschede</p>
<p><a href="https://www.schiebener.net/wordpress/mescheder-buendnis-fuer-demokratie-und-solidaritaet-extrem-jung-extrem-rechts/" target="_blank">https://www.schiebener.net/wordpress/mescheder-buendnis-fuer-demokratie-und-solidaritaet-extrem-jung-extrem-rechts/</a></p>

<p>Öffentlicher Vortrag am 24. April 2026, 19.00 Uhr bis 21.00 Uhr im Gemeindehaus der evangelischen Kirche, Schützenstr.4, 59872 Meschede https://www.schiebener.net/wordpress/mescheder-buendnis-fuer-demokratie-und-solidaritaet-extrem-jung-extrem-rechts/</p>
