{"id":62148,"date":"2025-10-13T10:24:25","date_gmt":"2025-10-13T08:24:25","guid":{"rendered":"https:\/\/www.schiebener.net\/wordpress\/?post_type=tribe_events&#038;p=62148"},"modified":"2025-10-13T10:24:25","modified_gmt":"2025-10-13T08:24:25","slug":"mescheder-friedensforum-wege-zum-frieden-sicherheit-neu-denken","status":"publish","type":"tribe_events","link":"https:\/\/www.schiebener.net\/wordpress\/event\/mescheder-friedensforum-wege-zum-frieden-sicherheit-neu-denken\/","title":{"rendered":"Mescheder Friedensforum: Wege zum Frieden \u2013 Sicherheit neu denken"},"content":{"rendered":"<p>Maria Buchwitz ist seit vielen Jahren engagiert in der \u00f6kumenischen Friedensbewegung pax christi in der katholischen Kirche. Seit 2018 ist sie Di\u00f6zesanvorsitzende von pax christi M\u00fcnster, seit 2021 Mitglied im Bundesvorstand und Sprecherin der pax christi \u2013 Kommission Solidarit\u00e4t mit Zentralafrika.<\/p>\n<p><a href=\"https:\/\/www.schiebener.net\/wordpress\/mescheder-friedensforum-wege-zum-frieden-sicherheit-neu-denken\/\" target=\"_blank\">https:\/\/www.schiebener.net\/wordpress\/mescheder-friedensforum-wege-zum-frieden-sicherheit-neu-denken\/<\/a><\/p>\n","protected":false},"excerpt":{"rendered":"<p>Maria Buchwitz ist seit vielen Jahren engagiert in der \u00f6kumenischen Friedensbewegung pax christi in der katholischen Kirche. Seit 2018 ist sie Di\u00f6zesanvorsitzende von pax christi M\u00fcnster, seit 2021 Mitglied im &hellip; <a href=\"https:\/\/www.schiebener.net\/wordpress\/event\/mescheder-friedensforum-wege-zum-frieden-sicherheit-neu-denken\/\" class=\"more-link\"><span class=\"screen-reader-text\">\u201eMescheder Friedensforum: Wege zum Frieden \u2013 Sicherheit neu denken\u201c <\/span>weiterlesen<\/a><\/p>\n","protected":false},"author":3,"featured_media":0,"template":"","meta":{"_tribe_events_status":"","_tribe_events_status_reason":"","footnotes":""},"tags":[],"tribe_events_cat":[9150,9111],"class_list":["post-62148","tribe_events","type-tribe_events","status-publish","hentry","tribe_events_cat-diskussion","tribe_events_cat-vortrag","cat_diskussion","cat_vortrag"],"_links":{"self":[{"href":"https:\/\/www.schiebener.net\/wordpress\/wp-json\/wp\/v2\/tribe_events\/62148","targetHints":{"allow":["GET"]}}],"collection":[{"href":"https:\/\/www.schiebener.net\/wordpress\/wp-json\/wp\/v2\/tribe_events"}],"about":[{"href":"https:\/\/www.schiebener.net\/wordpress\/wp-json\/wp\/v2\/types\/tribe_events"}],"author":[{"embeddable":true,"href":"https:\/\/www.schiebener.net\/wordpress\/wp-json\/wp\/v2\/users\/3"}],"version-history":[{"count":0,"href":"https:\/\/www.schiebener.net\/wordpress\/wp-json\/wp\/v2\/tribe_events\/62148\/revisions"}],"wp:attachment":[{"href":"https:\/\/www.schiebener.net\/wordpress\/wp-json\/wp\/v2\/media?parent=62148"}],"wp:term":[{"taxonomy":"post_tag","embeddable":true,"href":"https:\/\/www.schiebener.net\/wordpress\/wp-json\/wp\/v2\/tags?post=62148"},{"taxonomy":"tribe_events_cat","embeddable":true,"href":"https:\/\/www.schiebener.net\/wordpress\/wp-json\/wp\/v2\/tribe_events_cat?post=62148"}],"curies":[{"name":"wp","href":"https:\/\/api.w.org\/{rel}","templated":true}]}}

<p>Maria Buchwitz ist seit vielen Jahren engagiert in der ökumenischen Friedensbewegung pax christi in der katholischen Kirche. Seit 2018 ist sie Diözesanvorsitzende von pax christi Münster, seit 2021 Mitglied im Bundesvorstand und Sprecherin der pax christi – Kommission Solidarität mit Zentralafrika.</p>
<p><a href="https://www.schiebener.net/wordpress/mescheder-friedensforum-wege-zum-frieden-sicherheit-neu-denken/" target="_blank">https://www.schiebener.net/wordpress/mescheder-friedensforum-wege-zum-frieden-sicherheit-neu-denken/</a></p>

<p>Maria Buchwitz ist seit vielen Jahren engagiert in der ökumenischen Friedensbewegung pax christi in der katholischen Kirche. Seit 2018 ist sie Diözesanvorsitzende von pax christi Münster, seit 2021 Mitglied im &hellip; <a href="https://www.schiebener.net/wordpress/event/mescheder-friedensforum-wege-zum-frieden-sicherheit-neu-denken/" class="more-link"><span class="screen-reader-text">„Mescheder Friedensforum: Wege zum Frieden – Sicherheit neu denken“ </span>weiterlesen</a></p>
