{"id":61763,"date":"2025-08-26T08:47:07","date_gmt":"2025-08-26T06:47:07","guid":{"rendered":"https:\/\/www.schiebener.net\/wordpress\/?post_type=tribe_events&#038;p=61763"},"modified":"2025-08-26T08:47:07","modified_gmt":"2025-08-26T06:47:07","slug":"die-anfaenge-des-nationalsozialismus-in-brilon","status":"publish","type":"tribe_events","link":"https:\/\/www.schiebener.net\/wordpress\/event\/die-anfaenge-des-nationalsozialismus-in-brilon\/","title":{"rendered":"Die Anf\u00e4nge des Nationalsozialismus in Brilon"},"content":{"rendered":"<p>Die Briloner B\u00fcrger-Liste (BBL) l\u00e4dt ein zu einer Vortrags- und Diskussionsveranstaltung.<\/p>\n<p><a href=\"https:\/\/www.schiebener.net\/wordpress\/die-anfaenge-des-nationalsozialismus-in-brilon\/\" target=\"_blank\">https:\/\/www.schiebener.net\/wordpress\/die-anfaenge-des-nationalsozialismus-in-brilon\/<\/a><\/p>\n","protected":false},"excerpt":{"rendered":"<p>Die Briloner B\u00fcrger-Liste (BBL) l\u00e4dt ein zu einer Vortrags- und Diskussionsveranstaltung. https:\/\/www.schiebener.net\/wordpress\/die-anfaenge-des-nationalsozialismus-in-brilon\/<\/p>\n","protected":false},"author":3,"featured_media":0,"template":"","meta":{"_tribe_events_status":"","_tribe_events_status_reason":"","footnotes":""},"tags":[],"tribe_events_cat":[9150,9111],"class_list":["post-61763","tribe_events","type-tribe_events","status-publish","hentry","tribe_events_cat-diskussion","tribe_events_cat-vortrag","cat_diskussion","cat_vortrag"],"_links":{"self":[{"href":"https:\/\/www.schiebener.net\/wordpress\/wp-json\/wp\/v2\/tribe_events\/61763","targetHints":{"allow":["GET"]}}],"collection":[{"href":"https:\/\/www.schiebener.net\/wordpress\/wp-json\/wp\/v2\/tribe_events"}],"about":[{"href":"https:\/\/www.schiebener.net\/wordpress\/wp-json\/wp\/v2\/types\/tribe_events"}],"author":[{"embeddable":true,"href":"https:\/\/www.schiebener.net\/wordpress\/wp-json\/wp\/v2\/users\/3"}],"version-history":[{"count":0,"href":"https:\/\/www.schiebener.net\/wordpress\/wp-json\/wp\/v2\/tribe_events\/61763\/revisions"}],"wp:attachment":[{"href":"https:\/\/www.schiebener.net\/wordpress\/wp-json\/wp\/v2\/media?parent=61763"}],"wp:term":[{"taxonomy":"post_tag","embeddable":true,"href":"https:\/\/www.schiebener.net\/wordpress\/wp-json\/wp\/v2\/tags?post=61763"},{"taxonomy":"tribe_events_cat","embeddable":true,"href":"https:\/\/www.schiebener.net\/wordpress\/wp-json\/wp\/v2\/tribe_events_cat?post=61763"}],"curies":[{"name":"wp","href":"https:\/\/api.w.org\/{rel}","templated":true}]}}

Die Anfänge des Nationalsozialismus in Brilon

<p>Die Briloner Bürger-Liste (BBL) lädt ein zu einer Vortrags- und Diskussionsveranstaltung.</p>
<p><a href="https://www.schiebener.net/wordpress/die-anfaenge-des-nationalsozialismus-in-brilon/" target="_blank">https://www.schiebener.net/wordpress/die-anfaenge-des-nationalsozialismus-in-brilon/</a></p>

<p>Die Briloner Bürger-Liste (BBL) lädt ein zu einer Vortrags- und Diskussionsveranstaltung. https://www.schiebener.net/wordpress/die-anfaenge-des-nationalsozialismus-in-brilon/</p>
