{"id":61649,"date":"2025-07-30T16:28:11","date_gmt":"2025-07-30T14:28:11","guid":{"rendered":"https:\/\/www.schiebener.net\/wordpress\/?post_type=tribe_events&#038;p=61649"},"modified":"2025-07-30T16:28:11","modified_gmt":"2025-07-30T14:28:11","slug":"vortragsveranstaltung-co2-reduktion-im-privathaushalt","status":"publish","type":"tribe_events","link":"https:\/\/www.schiebener.net\/wordpress\/event\/vortragsveranstaltung-co2-reduktion-im-privathaushalt\/","title":{"rendered":"Vortragsveranstaltung: CO2-Reduktion im Privathaushalt"},"content":{"rendered":"<p>Wie k\u00f6nnen wir effektiv CO2 im Alltag zu Hause reduzieren? Professor Dr. Matthias Tacke aus Winterberg-Niedersfeld erl\u00e4utert in seinem Vortrag die chemischen Hintergr\u00fcnde von CO2-Emissionen im Privathaushalt und zeigt praxisnahe Strategien zur Verringerung des eigenen \u00f6kologischen Fu\u00dfabdrucks.<\/p>\n<p><a href=\"https:\/\/www.schiebener.net\/wordpress\/einladung-zur-vortragsveranstaltung-co2-reduktion-im-privathaushalt\/\" target=\"_blank\">https:\/\/www.schiebener.net\/wordpress\/einladung-zur-vortragsveranstaltung-co2-reduktion-im-privathaushalt\/<\/a><\/p>\n","protected":false},"excerpt":{"rendered":"<p>Wie k\u00f6nnen wir effektiv CO2 im Alltag zu Hause reduzieren? Professor Dr. Matthias Tacke aus Winterberg-Niedersfeld erl\u00e4utert in seinem Vortrag die chemischen Hintergr\u00fcnde von CO2-Emissionen im Privathaushalt und zeigt praxisnahe &hellip; <a href=\"https:\/\/www.schiebener.net\/wordpress\/event\/vortragsveranstaltung-co2-reduktion-im-privathaushalt\/\" class=\"more-link\"><span class=\"screen-reader-text\">\u201eVortragsveranstaltung: CO2-Reduktion im Privathaushalt\u201c <\/span>weiterlesen<\/a><\/p>\n","protected":false},"author":3,"featured_media":0,"template":"","meta":{"_tribe_events_status":"","_tribe_events_status_reason":"","footnotes":""},"tags":[],"tribe_events_cat":[9150,9111],"class_list":["post-61649","tribe_events","type-tribe_events","status-publish","hentry","tribe_events_cat-diskussion","tribe_events_cat-vortrag","cat_diskussion","cat_vortrag"],"_links":{"self":[{"href":"https:\/\/www.schiebener.net\/wordpress\/wp-json\/wp\/v2\/tribe_events\/61649","targetHints":{"allow":["GET"]}}],"collection":[{"href":"https:\/\/www.schiebener.net\/wordpress\/wp-json\/wp\/v2\/tribe_events"}],"about":[{"href":"https:\/\/www.schiebener.net\/wordpress\/wp-json\/wp\/v2\/types\/tribe_events"}],"author":[{"embeddable":true,"href":"https:\/\/www.schiebener.net\/wordpress\/wp-json\/wp\/v2\/users\/3"}],"version-history":[{"count":0,"href":"https:\/\/www.schiebener.net\/wordpress\/wp-json\/wp\/v2\/tribe_events\/61649\/revisions"}],"wp:attachment":[{"href":"https:\/\/www.schiebener.net\/wordpress\/wp-json\/wp\/v2\/media?parent=61649"}],"wp:term":[{"taxonomy":"post_tag","embeddable":true,"href":"https:\/\/www.schiebener.net\/wordpress\/wp-json\/wp\/v2\/tags?post=61649"},{"taxonomy":"tribe_events_cat","embeddable":true,"href":"https:\/\/www.schiebener.net\/wordpress\/wp-json\/wp\/v2\/tribe_events_cat?post=61649"}],"curies":[{"name":"wp","href":"https:\/\/api.w.org\/{rel}","templated":true}]}}

<p>Wie können wir effektiv CO2 im Alltag zu Hause reduzieren? Professor Dr. Matthias Tacke aus Winterberg-Niedersfeld erläutert in seinem Vortrag die chemischen Hintergründe von CO2-Emissionen im Privathaushalt und zeigt praxisnahe Strategien zur Verringerung des eigenen ökologischen Fußabdrucks.</p>
<p><a href="https://www.schiebener.net/wordpress/einladung-zur-vortragsveranstaltung-co2-reduktion-im-privathaushalt/" target="_blank">https://www.schiebener.net/wordpress/einladung-zur-vortragsveranstaltung-co2-reduktion-im-privathaushalt/</a></p>

<p>Wie können wir effektiv CO2 im Alltag zu Hause reduzieren? Professor Dr. Matthias Tacke aus Winterberg-Niedersfeld erläutert in seinem Vortrag die chemischen Hintergründe von CO2-Emissionen im Privathaushalt und zeigt praxisnahe &hellip; <a href="https://www.schiebener.net/wordpress/event/vortragsveranstaltung-co2-reduktion-im-privathaushalt/" class="more-link"><span class="screen-reader-text">„Vortragsveranstaltung: CO2-Reduktion im Privathaushalt“ </span>weiterlesen</a></p>
